{"version":"1.0","provider_name":"Petites et grandes Histoires de Fuveau","provider_url":"https:\/\/fuveau.net","author_name":"Jean-Fran\u00e7ois ROUBAUD","author_url":"https:\/\/fuveau.net\/index.php\/author\/jfber\/","title":"Port min\u00e9ralier de Caronte \u00e9tat actuel - Petites et grandes Histoires de Fuveau","type":"rich","width":600,"height":338,"html":"<blockquote class=\"wp-embedded-content\" data-secret=\"OQZFP3CRHV\"><a href=\"https:\/\/fuveau.net\/index.php\/2023\/10\/27\/port-mineralier-de-caronte-etat-actuel\/\">Port min\u00e9ralier de Caronte \u00e9tat actuel<\/a><\/blockquote><iframe sandbox=\"allow-scripts\" security=\"restricted\" src=\"https:\/\/fuveau.net\/index.php\/2023\/10\/27\/port-mineralier-de-caronte-etat-actuel\/embed\/#?secret=OQZFP3CRHV\" width=\"600\" height=\"338\" title=\"\u00ab\u00a0Port min\u00e9ralier de Caronte \u00e9tat actuel\u00a0\u00bb &#8212; Petites et grandes Histoires de Fuveau\" data-secret=\"OQZFP3CRHV\" frameborder=\"0\" marginwidth=\"0\" marginheight=\"0\" scrolling=\"no\" class=\"wp-embedded-content\"><\/iframe><script type=\"text\/javascript\">\n\/* <![CDATA[ *\/\n\/*! This file is auto-generated *\/\n!function(d,l){\"use strict\";l.querySelector&&d.addEventListener&&\"undefined\"!=typeof URL&&(d.wp=d.wp||{},d.wp.receiveEmbedMessage||(d.wp.receiveEmbedMessage=function(e){var t=e.data;if((t||t.secret||t.message||t.value)&&!\/[^a-zA-Z0-9]\/.test(t.secret)){for(var s,r,n,a=l.querySelectorAll('iframe[data-secret=\"'+t.secret+'\"]'),o=l.querySelectorAll('blockquote[data-secret=\"'+t.secret+'\"]'),c=new RegExp(\"^https?:$\",\"i\"),i=0;i<o.length;i++)o[i].style.display=\"none\";for(i=0;i<a.length;i++)s=a[i],e.source===s.contentWindow&&(s.removeAttribute(\"style\"),\"height\"===t.message?(1e3<(r=parseInt(t.value,10))?r=1e3:~~r<200&&(r=200),s.height=r):\"link\"===t.message&&(r=new URL(s.getAttribute(\"src\")),n=new URL(t.value),c.test(n.protocol))&&n.host===r.host&&l.activeElement===s&&(d.top.location.href=t.value))}},d.addEventListener(\"message\",d.wp.receiveEmbedMessage,!1),l.addEventListener(\"DOMContentLoaded\",function(){for(var e,t,s=l.querySelectorAll(\"iframe.wp-embedded-content\"),r=0;r<s.length;r++)(t=(e=s[r]).getAttribute(\"data-secret\"))||(t=Math.random().toString(36).substring(2,12),e.src+=\"#?secret=\"+t,e.setAttribute(\"data-secret\",t)),e.contentWindow.postMessage({message:\"ready\",secret:t},\"*\")},!1)))}(window,document);\n\/\/# sourceURL=https:\/\/fuveau.net\/wp-includes\/js\/wp-embed.min.js\n\/* ]]> *\/\n<\/script>\n","description":"VERMINCK Voici quatre photos prises en ao\u00fbt 2011 qui montrent l&rsquo;\u00e9tat actuel de ce qui fut le port min\u00e9ralier de Caronte au temps o\u00f9 il \u00e9tait essentiellement occup\u00e9 par les entrepots et les quais de d\u00e9chargement des Etablissements Verminck. Cette friche industrielle, c&rsquo;\u00e9tait les bureaux de Croix-Sainte, centre n\u00e9vralgique de l&rsquo;Entreprise ! Pour qui voudrait [&hellip;]","thumbnail_url":"https:\/\/fuveau.net\/wp-content\/uploads\/2023\/10\/caronte1.jpg"}

Jean-François ROUBAUD

Port minéralier de Caronte état actuel - Petites et grandes Histoires de Fuveau

<blockquote class="wp-embedded-content" data-secret="OQZFP3CRHV"><a href="https://fuveau.net/index.php/2023/10/27/port-mineralier-de-caronte-etat-actuel/">Port minéralier de Caronte état actuel</a></blockquote><iframe sandbox="allow-scripts" security="restricted" src="https://fuveau.net/index.php/2023/10/27/port-mineralier-de-caronte-etat-actuel/embed/#?secret=OQZFP3CRHV" width="600" height="338" title="« Port minéralier de Caronte état actuel » &#8212; Petites et grandes Histoires de Fuveau" data-secret="OQZFP3CRHV" frameborder="0" marginwidth="0" marginheight="0" scrolling="no" class="wp-embedded-content"></iframe><script type="text/javascript">
/* <![CDATA[ */
/*! This file is auto-generated */
!function(d,l){"use strict";l.querySelector&&d.addEventListener&&"undefined"!=typeof URL&&(d.wp=d.wp||{},d.wp.receiveEmbedMessage||(d.wp.receiveEmbedMessage=function(e){var t=e.data;if((t||t.secret||t.message||t.value)&&!/[^a-zA-Z0-9]/.test(t.secret)){for(var s,r,n,a=l.querySelectorAll('iframe[data-secret="'+t.secret+'"]'),o=l.querySelectorAll('blockquote[data-secret="'+t.secret+'"]'),c=new RegExp("^https?:$","i"),i=0;i<o.length;i++)o[i].style.display="none";for(i=0;i<a.length;i++)s=a[i],e.source===s.contentWindow&&(s.removeAttribute("style"),"height"===t.message?(1e3<(r=parseInt(t.value,10))?r=1e3:~~r<200&&(r=200),s.height=r):"link"===t.message&&(r=new URL(s.getAttribute("src")),n=new URL(t.value),c.test(n.protocol))&&n.host===r.host&&l.activeElement===s&&(d.top.location.href=t.value))}},d.addEventListener("message",d.wp.receiveEmbedMessage,!1),l.addEventListener("DOMContentLoaded",function(){for(var e,t,s=l.querySelectorAll("iframe.wp-embedded-content"),r=0;r<s.length;r++)(t=(e=s[r]).getAttribute("data-secret"))||(t=Math.random().toString(36).substring(2,12),e.src+="#?secret="+t,e.setAttribute("data-secret",t)),e.contentWindow.postMessage({message:"ready",secret:t},"*")},!1)))}(window,document);
//# sourceURL=https://fuveau.net/wp-includes/js/wp-embed.min.js
/* ]]> */
</script>

VERMINCK Voici quatre photos prises en août 2011 qui montrent l&rsquo;état actuel de ce qui fut le port minéralier de Caronte au temps où il était essentiellement occupé par les entrepots et les quais de déchargement des Etablissements Verminck. Cette friche industrielle, c&rsquo;était les bureaux de Croix-Sainte, centre névralgique de l&rsquo;Entreprise ! Pour qui voudrait [&hellip;]
